the units digit of h(y)?
5
Let q(g) = -2*g - 12. Let j be (-8)/(((-6)/2)/(-3)). Let b be q(j). Suppose 8 = b*r - 0. What is the units digit of r?
2
Let b(a) = -9*a**2 + 18*a**2 + 2*a + 1 - 8*a**2. What is the units digit of b(5)?
6
Suppose 5*c + 2*z - 34 + 7 = 0, 4*c - 16 = 4*z. Let j(i) = i**3 - 3*i**2 - 6*i. What is the tens digit of j(c)?
2
Let t be (-2)/(-11) - (-8)/(-44). Suppose 2*n = -t*n + 26. What is the tens digit of n?
1
Suppose 4*v - 80 + 0 = 0. What is the units digit of v?
0
Suppose 2*w + 3*b - 601 = 0, 0 = -w - 2*w - 3*b + 906. What is the units digit of w?
5
Suppose -4 = -l - 0*l. Let s be ((-3)/(-2))/(4/8). Suppose -3*n + s*u = -15, l*u = 2*n + 2 - 14. What is the units digit of n?
4
Let y = -5 + 12. Suppose -2*w + 90 = 5*i, 0 = i - 4*w - 11 - y. Let o = 29 - i. What is the tens digit of o?
1
Suppose f = 4*f - 9. Let o = 1 + 3. Suppose g - 32 = -f*v - 3*g, -o*v + 76 = -3*g. What is the units digit of v?
6
Let f be 4 + (-2)/(-1) + -3. Suppose 4*v - 6*d + 3*d = 107, -f*v = 3*d - 75. What is the units digit of v?
6
Let i be 3/(3/7) + 2. What is the units digit of i + 3 + (-6 - -1)?
7
Let t(v) = -3*v + 6. Suppose 3*r - 42 = 5*i, -3*i - 4*r - 31 = -0*i. What is the units digit of t(i)?
3
Suppose -3*p - 10 = -8*p. Let t(y) = 2*y + 2*y**3 + 2*y**p + 0*y**2 - 16*y**3 + 1. What is the tens digit of t(-1)?
1
Suppose -2*h = -5*h + 30. Suppose 4*t + t = -w + 5, -h = -5*t - 2*w. Suppose -l + t = -3. What is the units digit of l?
3
Let j(v) = 59*v + 24. What is the tens digit of j(6)?
7
Suppose 5*o - 4*k - 185 = 0, o + 3*k - 18 = -0*o. Let z be (-1)/(2/(-10)) + -2. Suppose -3*j - o = -3*l - 84, -z*l + 33 = 3*j. What is the tens digit of j?
1
Let k(l) = -l**3 - 4*l**2 + 3*l + 6. Let n be k(-4). Let z(a) = a + 3. Let o(g) = g + 3. Let y(v) = -5*o(v) + 4*z(v). What is the units digit of y(n)?
3
Let f be (3 + -4 + 0)*-229. Suppose 0 = -4*b + f - 49. What is the units digit of b?
5
Suppose -4*x + x = 24. Let f = 32 + x. What is the units digit of f?
4
Let w(b) = -b**2 + 2*b + 4. What is the units digit of w(3)?
1
Let j(x) = -5*x**3 + 2*x + 1. Let h = -6 + 5. Let d be j(h). Suppose -5*l - 3*s + 30 = -44, -l + d*s = -1. What is the tens digit of l?
1
Suppose 0 = 2*y - 99 + 15. What is the tens digit of y?
4
Let v = 36 - -29. What is the tens digit of v?
6
Let d be 2/(-4) - (-15)/2. Suppose -a + 2*q + 8 = 0, -d = 3*a + 5*q + 2. What is the units digit of a?
2
Suppose 84 = -3*i - 3*i. Let r = 22 - i. What is the tens digit of r?
3
Let f = 35 + -28. Suppose 0 = -w + 1. Let p = w + f. What is the units digit of p?
8
Let i be (-1 - -2)/((-1)/(-5)). Suppose -2*l + i*q + 32 = 0, 2*l + 1 = 3*l + 5*q. What is the units digit of l?
1
Let p(c) = c**2 + 2*c + 5. Let k = -2 - 2. What is the units digit of p(k)?
3
Let c be (720/(-42))/(1/(-7)). Suppose -3*l + c = l. What is the units digit of l?
0
Let y be ((-65)/(-5))/(0 - -1). Let g = y - 8. What is the units digit of g?
5
Let k(m) = 2*m - 1. What is the tens digit of k(18)?
3
Let f(k) be the first derivative of 11*k**2/2 + k + 1. Suppose 7 = 4*z - 9*z - 4*x, 4 = z - x. What is the tens digit of f(z)?
1
Suppose 0*g + 2*l - 14 = -4*g, -g + 2*l + 1 = 0. What is the tens digit of 3 + g/((-3)/(-31))?
3
Let z = -2 + 8. Let m(q) = -q**3 - 2*q**2 - q - 2. Let a be m(-2). Suppose 2*x - 18 = -4*h, a = 4*h - 2 - z. What is the units digit of x?
5
Let b(r) be the second derivative of -r**3/6 - r**2/2 - 5*r. What is the tens digit of b(-11)?
1
Suppose 3*l = -4*b + 9, 5*l + b - 6*b + 20 = 0. What is the units digit of (0 - l)/(3/93)?
1
Let a = 6 + -5. What is the units digit of a?
1
Let j = 6 + -4. What is the units digit of j?
2
Let a(q) = 4*q**2 + 1 + 0*q + 6*q - q**3 - q. Let k be a(5). Suppose -p = -k - 3. What is the units digit of p?
4
Suppose 3*r - 110 = -2*r - 5*q, 5*q = r - 4. What is the tens digit of r?
1
Let k be (-10)/(-3)*(-12)/(-8). Let o = k - -2. What is the units digit of o?
7
Let a = 362 + -221. What is the units digit of a?
1
What is the hundreds digit of (136 + (-1)/(-1))/(-2 - -3)?
1
Let z be (-1)/(-2) + 7/2. Suppose -3*r = b - 21, -r + 0*b = -z*b - 20. What is the units digit of (-6)/((-4)/(r/3))?
4
Let t(j) = j**2 - 3*j - 3. What is the units digit of t(-5)?
7
Let w = 3 + -2. Let s = w - 9. Let f = 12 + s. What is the units digit of f?
4
Let u(x) = -3*x + 1. Let y be u(-1). What is the units digit of y - ((0 - -2) + 0)?
2
Suppose -o - 3*n + 3 = -15, 122 = 4*o + 2*n. Suppose -4*x + o + 7 = 0. What is the units digit of x?
0
Suppose -3*l - v = -4*v - 21, -2 = -2*v. Let c(o) = -5*o**2 - 9*o - 9. Let y(b) = 2*b**2 + 5*b + 5. Let j(f) = 3*c(f) + 7*y(f). What is the units digit of j(l)?
8
Let f(s) = -9*s**2 + 2*s + 1. Let o be f(-1). What is the units digit of ((-4)/o)/(1/15)?
6
Let y(b) = -3 - b**2 + 3*b + 5*b - 2*b. What is the units digit of y(2)?
5
Suppose -229 = -3*m - 16. What is the units digit of m?
1
Let u(i) be the second derivative of i**4/12 + i**3/3 - i**2 - i. Let r = -2 - -4. What is the units digit of u(r)?
6
Let n = 3 + -3. Suppose -j + n = -2. What is the units digit of j?
2
Let v = 35 - 16. Let l = v - 15. What is the units digit of l?
4
Let m(w) = 39*w + 8. What is the tens digit of m(2)?
8
Suppose 2*n = 2*m + 62, -2*m + 11 = n - 11. What is the units digit of n?
8
Suppose -3*x = 41 - 5. Let a(g) = -g + 5. What is the tens digit of a(x)?
1
Suppose -333 = -4*j + j. What is the hundreds digit of j?
1
Let q be 14/8 + (-2)/(-8). Let l = q - -2. What is the units digit of l?
4
Let a be 2/(-9) + (-4)/(-18). Suppose g + g - 42 = a. Suppose 5*z - 8 = -j + g, -14 = -2*j + z. What is the units digit of j?
9
Let i(s) = 2 - 7 - 1 + s. Let d be i(5). Let q = d + 2. What is the units digit of q?
1
Suppose 6*i + 340 = 11*i. What is the tens digit of i?
6
Let p(v) = v**2 - 3*v - 9. Let q be p(7). Suppose 0*d + d = q. What is the units digit of d?
9
Let b = 83 + -36. What is the tens digit of b?
4
Let a = -45 + 87. What is the tens digit of a?
4
Let i(x) = -x**2 + 11*x + 8. What is the units digit of i(9)?
6
What is the units digit of -6 - -3 - -31 - -2?
0
Suppose k = -4*k - 20, 3*k = -5*x + 208. What is the units digit of x?
4
Suppose 0 = 4*m - 5 - 3. Suppose 4*f - 20 = m*f. What is the units digit of f?
0
Let o = -57 + 83. What is the units digit of -5*(o/(-10) - -1)?
8
Suppose 2*u = -4*k + 332, -u - 2*k = 3*k - 178. What is the tens digit of u?
5
Let h(d) be the second derivative of d**5/20 + 11*d**4/12 - d**3/6 + 5*d**2 - 3*d. What is the units digit of h(-11)?
1
Let a(o) = o - 1. Let t(s) = -2*s**3 - 3*s**2. Let d be t(-2). Let v be 26/4 + 2/d. What is the units digit of a(v)?
6
Let c = -7 - -13. Suppose 2*u + 32 = c*u. What is the units digit of u?
8
Let p(x) be the first derivative of x**4/4 + 8*x**3/3 - x**2 - 7*x - 4. What is the units digit of p(-8)?
9
Suppose 0 = -d - 10*d + 1716. What is the tens digit of d?
5
Let p be -1*(-1)/((-2)/8). Let i = -1 - p. Suppose -i*h + 10 = -n, -2*h - 3*n + 2 = -3*h. What is the units digit of h?
4
Suppose 4*l + 8*m - 407 = 3*m, -2*l = -2*m - 190. What is the units digit of l?
8
Let f = -175 - -300. What is the hundreds digit of f?
1
Suppose 0 = -2*b - 0*f - 5*f + 233, -2*b + f = -227. What is the tens digit of b?
1
Let m = -5 + 2. Let b be 2/(2/(-9)*m). Suppose -3 = -2*l + b. What is the units digit of l?
3
Suppose -9 = 5*j - 3*z, 4 = z + 1. Suppose -6*a + 2*a = 4, j = -2*g - 3*a + 5. What is the units digit of g?
4
Suppose 0 = -2*n - 145 + 35. Let v = n - -97. What is the units digit of v?
2
Let g(b) = -b - 3. What is the units digit of g(-12)?
9
Suppose r = -5*r + 900. What is the hundreds digit of r?
1
Let y(d) = d**3 + 7*d**2 + 9. Let g be y(-7). Let q be (6/g)/(4/18). Suppose 2*r - 4*l = 44, 0*r = -r - 3*l - q. What is the units digit of r?
2
Let y(t) = 1 + 13*t - 16*t + 3*t**2 + 2. What is the units digit of y(3)?
1
Let p = -7 + 14. Suppose 2*l = -i + 34, 4*l - p*l - 2*i + 51 = 0. Let g = -3 + l. What is the tens digit of g?
1
Let o(x) = -x**3 + 9*x**2 - 9*x + 11. Let j be o(8). Suppose 0 = u + j*u. What is the units digit of 18/(u - -2) - 1?
8
Let r(l) = l**2 - 7*l - l - 1 + 0*l. Let h = 12 - 3. What is the units digit of r(h)?
8
Let w(h) = -7 + 3 - h**2 - 4*h - 6*h. Let r be w(-6). Suppose 2*p = -0*p + r. What is the units digit of p?
0
Let w =